 is divided by 147.
139
What is the remainder when 3616 is divided by 21?
4
Calculate the remainder when 4534 is divided by 51.
46
What is the remainder when 631255 is divided by 540?
535
Calculate the remainder when 14474 is divided by 86.
26
Calculate the remainder when 2586 is divided by 59.
49
What is the remainder when 23590 is divided by 65?
60
Calculate the remainder when 243735 is divided by 339.
333
Calculate the remainder when 6779 is divided by 43.
28
What is the remainder when 13701 is divided by 48?
21
What is the remainder when 107112 is divided by 388?
24
What is the remainder when 18366 is divided by 799?
788
What is the remainder when 4061154 is divided by 197?
196
Calculate the remainder when 3798 is divided by 21.
18
What is the remainder when 10112 is divided by 4913?
286
Calculate the remainder when 673465 is divided by 224484.
13
Calculate the remainder when 768488 is divided by 1147.
1145
What is the remainder when 1329 is divided by 154?
97
Calculate the remainder when 951 is divided by 7.
6
Calculate the remainder when 1862331 is divided by 1151.
13
What is the remainder when 225619 is divided by 1428?
1423
Calculate the remainder when 23348 is divided by 1796.
0
What is the remainder when 5014107 is divided by 421?
418
What is the remainder when 92329 is divided by 3?
1
Calculate the remainder when 46992 is divided by 61.
22
What is the remainder when 6378 is divided by 1578?
66
What is the remainder when 149452 is divided by 28?
16
Calculate the remainder when 1972 is divided by 395.
392
What is the remainder when 941 is divided by 120?
101
What is the remainder when 6004 is divided by 243?
172
What is the remainder when 130781 is divided by 32?
29
What is the remainder when 53954 is divided by 95?
89
Calculate the remainder when 92752 is divided by 28.
16
What is the remainder when 130926 is divided by 196?
194
Calculate the remainder when 4411 is divided by 315.
1
What is the remainder when 323516 is divided by 60?
56
What is the remainder when 392600 is divided by 32716?
8
What is the remainder when 36894 is divided by 36825?
69
What is the remainder when 3841737 is divided by 11?
9
Calculate the remainder when 1215 is divided by 123.
108
What is the remainder when 4934 is divided by 2456?
22
Calculate the remainder when 970 is divided by 516.
454
Calculate the remainder when 71999 is divided by 32.
31
Calculate the remainder when 629744 is divided by 294.
290
What is the remainder when 505 is divided by 186?
133
Calculate the remainder when 13492 is divided by 423.
379
What is the remainder when 11715 is divided by 2372?
2227
Calculate the remainder when 555449 is divided by 185148.
5
What is the remainder when 8346 is divided by 2068?
74
Calculate the remainder when 7502 is divided by 57.
35
Calculate the remainder when 1218 is divided by 602.
14
Calculate the remainder when 17175 is divided by 207.
201
What is the remainder when 32598 is divided by 32596?
2
What is the remainder when 22658 is divided by 343?
20
What is the remainder when 46552 is divided by 298?
64
What is the remainder when 28303 is divided by 28292?
11
Calculate the remainder when 1036 is divided by 374.
288
Calculate the remainder when 134837 is divided by 67375.
87
What is the remainder when 5285 is divided by 585?
20
Calculate the remainder when 1207344 is divided by 509.
505
Calculate the remainder when 17846 is divided by 337.
322
What is the remainder when 35241 is divided by 24?
9
What is the remainder when 488589 is divided by 767?
10
What is the remainder when 15535 is divided by 194?
15
What is the remainder when 8800 is divided by 2931?
7
What is the remainder when 16078 is divided by 45?
13
Calculate the remainder when 248247 is divided by 28.
27
What is the remainder when 17891 is divided by 2540?
111
Calculate the remainder when 2274 is divided by 191.
173
Calculate the remainder when 37555 is divided by 9.
7
What is the remainder when 1965 is divided by 390?
15
What is the remainder when 2550 is divided by 762?
264
Calculate the remainder when 1608 is divided by 1581.
27
What is the remainder when 99895 is divided by 21?
19
Calculate the remainder when 3247 is divided by 31.
23
Calculate the remainder when 62679 is divided by 5696.
23
What is the remainder when 161383 is divided by 35?
33
What is the remainder when 381817 is divided by 76?
69
Calculate the remainder when 16961 is divided by 13.
9
Calculate the remainder when 167393 is divided by 37.
5
Calculate the remainder when 3536 is divided by 1718.
100
Calculate the remainder when 8637 is divided by 956.
33
Calculate the remainder when 170168 is divided by 1279.
61
What is the remainder when 8667 is divided by 8?
3
What is the remainder when 242970 is divided by 110?
90
What is the remainder when 6709 is divided by 143?
131
Calculate the remainder when 13492 is divided by 34.
28
Calculate the remainder when 16703 is divided by 477.
8
Calculate the remainder when 31557 is divided by 10509.
30
Calculate the remainder when 36621 is divided by 327.
324
What is the remainder when 4961 is divided by 1305?
1046
Calculate the remainder when 545 is divided by 108.
5
Calculate the remainder when 640505 is divided by 1114.
1069
Calculate the remainder when 57967 is divided by 170.
167
Calculate the remainder when 3707 is divided by 43.
9
What is the remainder when 2475 is divided by 617?
7
What is the remainder when 2322 is divided by 1148?
26
Calculate the remainder when 3385831 is divided by 59.
57
Calculate the remainder when 21126 is divided by 7020.
66
Calculate the remainder when 32134 is divided by 6415.
59
Calculate the remainder when 3082017 is divided by 349.
347
What is the remainder when 253044 is divided by 396?
0
What is the remainder when 10190 is divided by 51?
41
What is the remainder when 9515 is divided by 31?
29
What is the remainder when 84743 is divided by 17?
15
Calculate the remainder when 2756 is divided by 35.
26
Calculate the remainder when 5577 is divided by 502.
55
What is the remainder when 497144 is divided by 115?
114
Calculate the remainder when 28183 is divided by 34.
31
Calculate the remainder when 30006 is divided by 125.
6
Calculate the remainder when 1314400 is divided by 1049.
3
What is the remainder when 110698 is divided by 667?
643
What is the remainder when 6932 is divided by 315?
2
Calculate the remainder when 53040 is divided by 385.
295
Calculate the remainder when 68129 is divided by 6193.
6
What is the remainder when 2821 is divided by 271?
111
Calculate the remainder when 57323 is divided by 315.
308
What is the remainder when 272 is divided by 7?
6
Calculate the remainder when 13489 is divided by 6326.
837
What is the remainder when 850512 is divided by 2601?
2586
Calculate the remainder when 5273 is divided by 2634.
5
Calculate the remainder when 608099 is divided by 25.
24
What is the remainder when 156018 is divided by 5?
3
Calculate the remainder when 127583 is divided by 599.
595
What is the remainder when 3893 is divided by 160?
53
Calculate the remainder when 287180 is divided by 727.
15
What is the remainder when 3362 is divided by 1111?
29
Calculate the remainder when 30441 is divided by 22.
15
What is the remainder when 5446 is divided by 2715?
16
What is the remainder when 2640622 is divided by 1392?
1390
Calculate the remainder when 38096 is divided by 758.
196
What is the remainder when 3029 is divided by 312?
221
What is the remainder when 9640 is divided by 2405?
20
Calculate the remainder when 66972 is divided by 25.
22
What is the remainder when 20512 is divided by 14?
2
What is the remainder when 27961 is divided by 22?
21
Calculate the remainder when 7564 is divided by 29.
24
Calculate the remainder when 87455 is divided by 12432.
431
What is the remainder when 5901 is divided by 33?
27
What is the remainder when 31483 is divided by 137?
110
Calculate the remainder when 68098 is divided by 193.
162
What is the remainder when 793622 is divided by 13?
11
Calculate the remainder when 18358 is divided by 17.
15
Calculate the remainder when 118674 is divided by 2.
0
What is the remainder when 422 is divided by 321?
101
Calculate the remainder when 40275 is divided by 113.
47
Calculate the remainder when 17266 is di